{"id":8556,"date":"2025-08-13T15:19:21","date_gmt":"2025-08-13T12:19:21","guid":{"rendered":"http:\/\/8-parafudr.local\/?page_id=8556"},"modified":"2025-08-13T15:22:04","modified_gmt":"2025-08-13T12:22:04","slug":"bina-otomasyonlu-mustakil-ev-yildirim-yakalama-sistemi-yok-solar-fotovoltaik-sistem-var","status":"publish","type":"page","link":"https:\/\/parafudr.ist\/?page_id=8556","title":{"rendered":"Bina Otomasyonlu M\u00fcstakil Ev \u2013 Y\u0131ld\u0131r\u0131m Yakalama Sistemi YOK Solar (Fotovoltaik) Sistem var"},"content":{"rendered":"<div class=\"wpb-content-wrapper\"><p>[vc_row][vc_column][vc_custom_heading text=&#8221;Bina Otomasyonlu M\u00fcstakil Ev \u2013 Y\u0131ld\u0131r\u0131m Yakalama Sistemi YOK Solar (Fotovoltaik) Sistem var&#8221; font_container=&#8221;tag:h1|font_size:22px|text_align:left|color:%23ffffff&#8221; use_theme_fonts=&#8221;yes&#8221; css=&#8221;.vc_custom_1755087657852{padding-top: 20px !important;padding-bottom: 20px !important;padding-left: 20px !important;background-color: #f99d21 !important;}&#8221; font_weight=&#8221;900&#8243; letter_spacing=&#8221;-0.16px&#8221;][vc_column_text css=&#8221;&#8221;]<\/p>\n<p style=\"text-align: center;\">Korunmas\u0131 gereken sistemler: Enerji hatt\u0131 (Ana Pano \u2013 Tali Pano), Elektrikle \u00e7al\u0131\u015fan t\u00fcm cihazlar, Telefon hatt\u0131, Kablo veya SAT TV hatt\u0131, Data hatt\u0131, Server hatt\u0131, KNX-Bina otomasyon sistemi, Is\u0131tma Sistemi, Interkom sistemi, Yang\u0131n \u0130kaz Anons Sistemi, CCTV sistemi, D\u0131\u015f ayd\u0131nlatma armat\u00fcrleri korunmal\u0131d\u0131r.<\/p>\n<p>[\/vc_column_text][\/vc_column][\/vc_row][vc_row][vc_column][vc_single_image image=&#8221;8560&#8243; img_size=&#8221;full&#8221; alignment=&#8221;center&#8221; css=&#8221;&#8221; label=&#8221;&#8221;][vc_single_image image=&#8221;8561&#8243; img_size=&#8221;full&#8221; alignment=&#8221;center&#8221; onclick=&#8221;link_image&#8221; css=&#8221;&#8221; label=&#8221;&#8221;][\/vc_column][\/vc_row]<\/p>\n<\/div>","protected":false},"excerpt":{"rendered":"<p>[vc_row][vc_column][vc_custom_heading text=&#8221;Bina Otomasyonlu M\u00fcstakil Ev \u2013 Y\u0131ld\u0131r\u0131m Yakalama Sistemi YOK Solar (Fotovoltaik) Sistem var&#8221; font_container=&#8221;tag:h1|font_size:22px|text_align:left|color:%23ffffff&#8221; use_theme_fonts=&#8221;yes&#8221; css=&#8221;.vc_custom_1755087657852{padding-top: 20px !important;padding-bottom: 20px !important;padding-left: 20px !important;background-color: #f99d21 !important;}&#8221; font_weight=&#8221;900&#8243; letter_spacing=&#8221;-0.16px&#8221;][vc_column_text css=&#8221;&#8221;] Korunmas\u0131 gereken sistemler: Enerji hatt\u0131 (Ana Pano \u2013 Tali Pano), Elektrikle \u00e7al\u0131\u015fan t\u00fcm cihazlar, Telefon hatt\u0131, Kablo veya SAT TV hatt\u0131, Data hatt\u0131, Server hatt\u0131, KNX-Bina otomasyon [&hellip;]<\/p>\n","protected":false},"author":1,"featured_media":0,"parent":0,"menu_order":0,"comment_status":"closed","ping_status":"closed","template":"","meta":{"footnotes":""},"class_list":["post-8556","page","type-page","status-publish","hentry"],"_links":{"self":[{"href":"https:\/\/parafudr.ist\/index.php?rest_route=\/wp\/v2\/pages\/8556","targetHints":{"allow":["GET"]}}],"collection":[{"href":"https:\/\/parafudr.ist\/index.php?rest_route=\/wp\/v2\/pages"}],"about":[{"href":"https:\/\/parafudr.ist\/index.php?rest_route=\/wp\/v2\/types\/page"}],"author":[{"embeddable":true,"href":"https:\/\/parafudr.ist\/index.php?rest_route=\/wp\/v2\/users\/1"}],"replies":[{"embeddable":true,"href":"https:\/\/parafudr.ist\/index.php?rest_route=%2Fwp%2Fv2%2Fcomments&post=8556"}],"version-history":[{"count":4,"href":"https:\/\/parafudr.ist\/index.php?rest_route=\/wp\/v2\/pages\/8556\/revisions"}],"predecessor-version":[{"id":8562,"href":"https:\/\/parafudr.ist\/index.php?rest_route=\/wp\/v2\/pages\/8556\/revisions\/8562"}],"wp:attachment":[{"href":"https:\/\/parafudr.ist\/index.php?rest_route=%2Fwp%2Fv2%2Fmedia&parent=8556"}],"curies":[{"name":"wp","href":"https:\/\/api.w.org\/{rel}","templated":true}]}}